
What are the prime factors of 30073876?
2, 7, 1074067
What are the prime factors of 3885720?
2, 3, 5, 32381
What are the prime factors of 6665393?
7, 952199
What are the prime factors of 104556?
2, 3, 8713
What are the prime factors of 1139043?
3, 379681
List the prime factors of 15633239.
15633239
List the prime factors of 107405.
5, 21481
List the prime factors of 243256.
2, 13, 2339
List the prime factors of 235085.
5, 47017
What are the prime factors of 637446?
2, 3, 131, 811
What are the prime factors of 303697?
83, 3659
What are the prime factors of 2604337?
109, 23893
List the prime factors of 5488772.
2, 29, 47317
What are the prime factors of 3633287?
7, 23, 22567
List the prime factors of 37240785.
3, 5, 29, 28537
What are the prime factors of 1029567?
3, 7, 11, 4457
List the prime factors of 2350663.
7, 335809
List the prime factors of 646139.
13, 23, 2161
What are the prime factors of 8746379?
8746379
What are the prime factors of 39260?
2, 5, 13, 151
List the prime factors of 1563145.
5, 199, 1571
What are the prime factors of 530723?
17, 31219
List the prime factors of 294194.
2, 147097
What are the prime factors of 688013?
688013
What are the prime factors of 183232?
2, 7, 409
List the prime factors of 739808.
2, 61, 379
What are the prime factors of 152570?
2, 5, 11, 19, 73
What are the prime factors of 147679?
7, 17, 73
List the prime factors of 5264665.
5, 7, 349, 431
What are the prime factors of 23648378?
2, 13, 461, 1973
What are the prime factors of 11637874?
2, 29, 163, 1231
What are the prime factors of 1182701?
13, 90977
What are the prime factors of 1262018?
2, 19, 33211
What are the prime factors of 3249085?
5, 7, 92831
List the prime factors of 1513977.
3, 19, 26561
List the prime factors of 1450255.
5, 89, 3259
What are the prime factors of 4004600?
2, 5, 20023
What are the prime factors of 484650?
2, 3, 5, 359
What are the prime factors of 182109?
3, 60703
List the prime factors of 6823245.
3, 5, 11, 13, 3181
What are the prime factors of 7130493?
3, 792277
List the prime factors of 494371.
43, 11497
List the prime factors of 4451776.
2, 7, 19, 523
List the prime factors of 19861357.
19861357
List the prime factors of 4188929.
41, 71, 1439
What are the prime factors of 18108348?
2, 3, 47, 97, 331
What are the prime factors of 7237266?
2, 3, 107, 11273
What are the prime factors of 215771?
215771
List the prime factors of 83008.
2, 1297
What are the prime factors of 1367695?
5, 7, 23, 1699
List the prime factors of 241808.
2, 7, 17, 127
List the prime factors of 2384019.
3, 11, 23, 349
What are the prime factors of 114661?
114661
What are the prime factors of 2131315?
5, 401, 1063
List the prime factors of 324921.
3, 17, 23, 277
List the prime factors of 17639995.
5, 241, 14639
What are the prime factors of 1004095?
5, 409, 491
What are the prime factors of 2076975?
3, 5, 17, 181
What are the prime factors of 1066021?
11, 96911
What are the prime factors of 246198?
2, 3, 37, 1109
List the prime factors of 3364647.
3, 11, 13, 23, 31
List the prime factors of 8858127.
3, 509, 5801
What are the prime factors of 1260728?
2, 7, 47, 479
What are the prime factors of 155143?
167, 929
What are the prime factors of 229474?
2, 7, 37, 443
List the prime factors of 11503555.
5, 7, 103, 3191
List the prime factors of 556077.
3, 185359
What are the prime factors of 132260?
2, 5, 17, 389
List the prime factors of 731077.
463, 1579
List the prime factors of 6164.
2, 23, 67
List the prime factors of 306169.
306169
List the prime factors of 2749502.
2, 7, 277, 709
List the prime factors of 727809.
3, 242603
What are the prime factors of 6365459?
53, 120103
What are the prime factors of 16483405?
5, 43, 76667
List the prime factors of 1942502.
2, 971251
List the prime factors of 244032.
2, 3, 31, 41
List the prime factors of 13115060.
2, 5, 7, 23, 4073
List the prime factors of 279980.
2, 5, 13999
What are the prime factors of 1586991?
3, 7, 75571
List the prime factors of 2238304.
2, 113, 619
What are the prime factors of 975159?
3, 4013
What are the prime factors of 1516493?
11, 83, 151
What are the prime factors of 198611?
7, 17, 1669
What are the prime factors of 1660334?
2, 13, 19, 3361
What are the prime factors of 3111897?
3, 157, 6607
What are the prime factors of 2381473?
2381473
List the prime factors of 4161557.
4161557
What are the prime factors of 114824?
2, 31, 463
List the prime factors of 24629403.
3, 71, 115631
What are the prime factors of 184435?
5, 36887
What are the prime factors of 17173196?
2, 17, 71, 3557
What are the prime factors of 13367633?
131, 102043
List the prime factors of 211831.
19, 11149
What are the prime factors of 580807?
580807
What are the prime factors of 4126514?
2, 7, 294751
What are the prime factors of 48664?
2, 7, 11, 79
What are the prime factors of 1497520?
2, 5, 18719
What are the prime factors of 1784841?
3, 19, 173, 181
What are the prime factors of 149965?
5, 89, 337
What are the prime factors of 219940?
2, 5, 7, 1571
List the prime factors of 602464.
2, 67, 281
What are the prime factors of 619863?
3, 367, 563
What are the prime factors of 3823204?
2, 7, 11, 12413
What are the prime factors of 549474?
2, 3, 17, 5387
List the prime factors of 1810207.
7, 36943
What are the prime factors of 6423767?
7, 19, 48299
List the prime factors of 291714.
2, 3, 48619
What are the prime factors of 686886?
2, 3, 239, 479
List the prime factors of 1718565.
3, 5, 114571
What are the prime factors of 10492622?
2, 7, 53, 79, 179
What are the prime factors of 162384?
2, 3, 17, 199
What are the prime factors of 2391072?
2, 3, 24907
What are the prime factors of 12824584?
2, 1603073
List the prime factors of 138695.
5, 27739
What are the prime factors of 4575498?
2, 3, 762583
List the prime factors of 5687211.
3, 73, 25969
List the prime factors of 3703471.
3703471
What are the prime factors of 345685?
5, 47, 1471
What are the prime factors of 2627534?
2, 7, 13, 14437
What are the prime factors of 522542?
2, 261271
List the prime factors of 247132.
2, 31, 1993
List the prime factors of 270620.
2, 5, 7, 1933
List the prime factors of 1612115.
5, 503, 641
What are the prime factors of 644057?
644057
What are the prime factors of 8097532?
2, 2024383
List the prime factors of 248852.
2, 62213
List the prime factors of 7353183.
3, 67, 36583
List the prime factors of 1859111.
1859111
What are the prime factors of 310646?
2, 7, 22189
List the prime factors of 360557.
29, 12433
List the prime factors of 288559.
288559
What are the prime factors of 4532921?
223, 20327
What are the prime factors of 545328?
2, 3, 7, 541
What are the prime factors of 12596165?
5, 1249, 2017
What are the prime factors of 1828658?
2, 13, 61, 1153
List the prime factors of 584249.
584249
What are the prime factors of 31535?
5, 7, 17, 53
What are the prime factors of 31207838?
2, 1381, 11299
What are the prime factors of 196170?
2, 3, 5, 13, 503
What are the prime factors of 553515?
3, 5, 36901
What are the prime factors of 279700?
2, 5, 2797
List the prime factors of 18837846.
2, 3, 83, 467
What are the prime factors of 7616524?
2, 37, 53, 971
What are the prime factors of 2339765?
5, 467953
What are the prime factors of 13338800?
2, 5, 33347
List the prime factors of 246166.
2, 123083
What are the prime factors of 29168049?
3, 1889, 5147
What are the prime factors of 327001?
327001
List the prime factors of 803597.
23, 34939
What are the prime factors of 3388299?
3, 1129433
List the prime factors of 3274872.
2, 3, 136453
List the prime factors of 588396.
2, 3, 49033
List the prime factors of 10000750.
2, 5, 109, 367
List the prime factors of 14758307.
19, 776753
List the prime factors of 2267427.
3, 755809
What are the prime factors of 10543114?
2, 5271557
List the prime factors of 76786.
2, 38393
List the prime factors of 4627965.
3, 5, 29, 10639
What are the prime factors of 5297562?
2, 3, 53, 617
List the prime factors of 981065.
5, 19, 23, 449
What are the prime factors of 17515207?
19, 67, 13759
What are the prime factors of 95983?
53, 1811
List the prime factors of 11136844.
2, 317, 8783
What are the prime factors of 2932497?
3, 313, 347
What are the prime factors of 300546?
2, 3, 59, 283
List the prime factors of 29400